Suppose f*m + m = 28. What is the units digit of m?
7
Let p = -9 - -29. What is the tens digit of p?
2
Suppose 3*f - 17 = 2*p + 2*p, -4*f - 3*p - 19 = 0. What is the units digit of -7*((3 - 3) + f)?
7
Let q(g) = g**3 - 9*g**2 + 9*g - 4. Let h be q(8). Let c be 2*(-1)/h*-4. Suppose 3*n - 2*d - 13 = 0, -c*d = -3*n - d + 17. What is the units digit of n?
7
Let w = -17 - -38. What is the units digit of w?
1
What is the units digit of 830/14 + -1 + (-2)/7?
8
Let k(g) = 0 + 2 - g - g. Let r(t) = -t**3 - 3*t**2 + 1. Let b be r(-2). What is the units digit of k(b)?
8
Let y(n) = -n - n**2 + 0*n**3 + n**3 + 3*n**2 - 1 + 0*n**2. Let h be y(-1). Suppose h + 1 = u. What is the units digit of u?
2
Suppose -4*q + 24 = -20. Let c = -5 + q. Let u = -2 + c. What is the units digit of u?
4
Suppose -k + 4*k = -2*z + 37, -4*k - 30 = -2*z. What is the tens digit of z?
1
Let a(h) = 5*h**3 - 9*h**2 - 51*h + 44. Let t(w) = -w**3 + 2*w**2 + 10*w - 9. Let g(v) = 2*a(v) + 11*t(v). What is the units digit of g(5)?
4
What is the units digit of 12/8*20/3?
0
Suppose -1 - 15 = -4*o. Let b = o - 2. Let k = b - -1. What is the units digit of k?
3
Suppose 0 = 2*f - 3 - 95. What is the units digit of f?
9
Let j(g) be the second derivative of -g**7/2520 + g**6/120 - g**5/24 + g**4/4 + 4*g. Let n(p) be the third derivative of j(p). What is the units digit of n(4)?
3
Suppose 3*m = 5*l + 2 + 27, -3*l = m + 23. Let h = 17 + l. What is the units digit of h?
0
Suppose -3*a = -2*a - 10. What is the tens digit of a?
1
Suppose -4*i + 5*i = 0. Suppose 2*a = 4*x + 2 - i, -3*x = 0. What is the units digit of a?
1
Suppose -6*d = -11*d + 70. What is the tens digit of d?
1
Suppose -5*z - 3*b = -6 + 79, -2*z - 38 = -b. Let k = z - -10. Let c(s) = -s**2 - 6*s + 9. What is the units digit of c(k)?
2
Suppose 4*g = v + 6 - 34, 10 = -5*g. Suppose 20 = 4*n - v. Suppose -4*y - 2 + n = 0. What is the units digit of y?
2
Let o(p) = -p. Let f be o(1). Let g be (-1)/((f/10)/1). What is the units digit of (g/(-4))/(2/(-4))?
5
Let w(u) = -u + 4. Let o be w(0). Suppose -o*j + 4 = -0*j. Suppose 0 = -b + 4 + j. What is the units digit of b?
5
What is the units digit of 2/(-4) + (-6)/(24/(-106))?
6
Let y = -47 - -95. What is the tens digit of y?
4
Suppose 0 = -5*q + 27 - 7. Suppose 2*g = -0*g + q. Suppose 0 = 3*i - 3*f - 30, -f - 3*f = 3*i - g. What is the units digit of i?
6
Suppose 4 = 3*r - 2*n, -3*n = -0*n - 12. What is the units digit of r?
4
Let r(p) be the first derivative of -p**2/2 - 2*p - 3. Let q be r(6). What is the units digit of (q + -1)/(3 - 4)?
9
Let p be 3/((-6)/(-8)*-1). Let o be ((-20)/3)/(p/18). Suppose 4*t = o + 10. What is the units digit of t?
0
Let o be 11*1/(1/8). Let u = -40 + o. What is the units digit of u?
8
Let q(y) = -3*y + 2. Suppose v - 1 = -3*g + 3, -2*v + 5*g - 14 = 0. Let k = -1 + v. What is the units digit of q(k)?
1
Let i(o) = o**3 - 10*o**2 + o - 6. Let q be 12/6*(6 + -1). Let u be i(q). Suppose 2*w + c = 24, -u*c = 2*w - w - 5. What is the units digit of w?
3
Suppose -68*y = -70*y + 50. What is the units digit of y?
5
Let o be 128/(-6) + 6/(-9). Let l be (-4)/o + (-172)/(-22). What is the units digit of l/12 + 86/6?
5
Let j(m) = 79*m**3 - 2*m**2 - m + 2. What is the tens digit of j(1)?
7
Let q(o) = 4*o**2 - 3*o + 9. Let u(g) = -3*g**2 + 3*g - 8. Let x(r) = 4*q(r) + 5*u(r). Let i = -13 + 8. What is the units digit of x(i)?
6
Let h = 17 + 56. What is the tens digit of h?
7
Suppose -2 = -3*s + 16. Suppose 90 = -g + s*g. Suppose 5*k - 67 + g = h, 5*k - 3*h = 47. What is the units digit of k?
0
Let x = -107 + 286. What is the tens digit of x?
7
What is the units digit of (166/(-16)*6)/(12/(-32))?
6
Let v = 7 + 1. Suppose -u + 5*u = v. What is the units digit of u?
2
Let g(w) = 5*w - 60. What is the units digit of g(20)?
0
Let f(g) = -g + 13. Suppose d - 9 = -2*x, -5 = -4*x + d + 28. What is the units digit of f(x)?
6
Suppose 0*n + 4 = -4*n. What is the units digit of 70/21 + n/3?
3
Let y be (-2*1)/(-6 + 4). What is the tens digit of y + 18 + (-3)/3?
1
Let k(b) = -b + 3. What is the tens digit of k(-13)?
1
Suppose 0*s + s + n = 141, -5*n = 3*s - 423. What is the tens digit of s?
4
Suppose -u + 2*u = 20. Suppose 2*a - 49 = 5*g - 9, u = a + g. What is the tens digit of a?
2
Let t be (-10)/(-4) - 3/6. Let r = t + 25. What is the units digit of r/6*(-8)/(-6)?
6
What is the hundreds digit of -200*(1/(-2))/(2/2)?
1
Let p(b) = -4*b + 6. Let h be p(5). Let s(q) = -q**3 - 5*q**2 - 5*q - 4. Let o be s(-5). Let a = o + h. What is the units digit of a?
7
Suppose -2 = -0*i - 2*i. Suppose -4*r = 5*j - 7, r - 3*j = 3*r - i. What is the units digit of r?
8
Suppose -9*f + 4452 = 1329. What is the tens digit of f?
4
Let o(c) = -8*c**2 - 10*c + 1. Let n(u) = -7*u**2 - 9*u + 1. Let z(m) = -6*n(m) + 5*o(m). What is the units digit of z(-3)?
5
Let x = 738 + -426. What is the hundreds digit of x?
3
Let v be (-4 - -5) + 1 + 0. Let j be v/(-1)*3/6. What is the units digit of j + 2 - 7*-1?
8
Suppose 4*w - 4*x = 24, -3*w + w + 21 = -5*x. Let y be ((-20)/(-2))/(w + -2). Suppose 4*o - 4*t = 16, t = o + 2*t - y. What is the units digit of o?
7
Let m(z) = z - 1. Let w be m(1). Suppose -k + v + 14 = -w*v, -3*v = 3*k - 18. What is the tens digit of k?
1
Suppose 2*n = 3*n - 5*j - 49, -4*n = -2*j - 178. Let x = n + -27. What is the units digit of x?
7
Suppose 0*b + 10 = 5*b. Let t be (1/b)/(6/36). Suppose -t*o - 9 = -4*o. What is the units digit of o?
9
Let m = -11 + 15. Suppose -4*s - s + 24 = -4*t, s - t = m. What is the units digit of (-22)/((s/2)/(-2))?
1
Let q(y) = 3*y**3. Let s be q(-1). What is the units digit of 3 + s + 6/3?
2
Suppose -11 = -5*k - 1. Suppose k*g = 4*g + 6. What is the tens digit of g + (0 - -17)/1?
1
Let c(u) = -6*u**3 - 3*u**2 - 3*u - 2. Let m be c(-2). What is the units digit of m/25 + 3/(-5)?
1
Suppose 0 = -4*b - b, 0 = g + 4*b - 43. What is the tens digit of g?
4
Let a be 18/4*88/12. Suppose -4*n + j + a = 2*j, -5*n + 4*j + 15 = 0. What is the units digit of n?
7
Let i be (-4)/3*3/(-2). Suppose -3*u = o - 141, -i*u = -3*o - 75 - 30. What is the tens digit of u?
4
Let h = 0 - -5. Let x be 43/h + (-4)/(-10). Let l = x + -2. What is the units digit of l?
7
Let u = 4 - 3. Let x(l) = 44*l - 2. What is the tens digit of x(u)?
4
Let c = 50 - -26. What is the tens digit of c?
7
Let z(f) = -2*f - 10. Suppose 0 = -4*i + 4*v + 84, 2*i + 0*v = v + 43. Suppose -2*w - i = -0*w. What is the tens digit of z(w)?
1
Suppose -13*m = -14*m + 62. What is the tens digit of m?
6
Suppose -3*a + 105 = -42. What is the units digit of a?
9
Suppose 2*t - 2 = t, -191 = -3*s - t. What is the units digit of s?
3
Suppose 2*j = -r - 4*r + 210, 93 = 2*r - j. What is the tens digit of r?
4
Suppose -f + 20 = -6*f. Let s be 6/f*80/(-12). Let r = -6 + s. What is the units digit of r?
4
What is the hundreds digit of -47*10/25*-1*10?
1
Let i = 13 - 7. Let g = 14 - i. Let w(r) = r**2 - 6*r - 4. What is the tens digit of w(g)?
1
What is the units digit of (-324)/(45/(-5))*22/8?
9
Let t be 2 - (2 + 1*-2). Suppose 5*q - s = s + 22, -s - 8 = -t*q. Suppose -y = y - q. What is the units digit of y?
3
Let c(m) = 3*m - 2. Let i be c(4). Let n = i - -9. What is the units digit of n?
9
Suppose -g = -5 + 2. Suppose 4 = 2*h + 2*p, -4*p + 7*p + 36 = g*h. What is the units digit of h?
7
Suppose 2*j - 19 = 3. What is the units digit of 4/(-1) + (23 - j)?
8
Suppose -4*l - 13 = -5*l. What is the units digit of l?
3
Suppose -18 = -3*s - 6. Let v(u) = u**3 - u**2 - 5*u + 1. What is the units digit of v(s)?
9
Let r = -14 + 33. What is the tens digit of (r - (3 + -1)) + 0?
1
Suppose -5*v + 3*v = -144. What is the tens digit of v?
7
Let k(n) = n**3 + 7*n**2 + 2*n - 4. Let z be k(-4). Suppose 12*j - 14*j = -z. What is the units digit of j?
8
Let o(r) = r**3 + r**2 + 5*r**2 + 5*r + 2 - r**2. Let s be o(-3). Let i = 4 + s. What is the units digit of i?
9
Let h be 6/(-9)*(-33)/2. Suppose -8*r - 8 = -7*r. Let a = h + r. What is the units digit of a?
3
Let g(q) = -3*q - 6. What is the units digit of g(-5)?
9
Suppose 22 = 3*c + x - 19, 5*c = 3*x + 87. What is the tens digit of c?
1
Let m(l) = -l**3 + 8*l**2 - 5*l + 4. Suppose 2*o - 10 = 4. What is the units digit of m(o)?
8
Suppose 0 = 2*l - 0*l. Suppose -5*f + 112 + 113 = l. Suppose 5*s + 5*n = f, s